{"id":279,"date":"2020-12-20T16:32:05","date_gmt":"2020-12-20T16:32:05","guid":{"rendered":"https:\/\/fortea.ddns.net\/wordpress\/?page_id=279"},"modified":"2021-09-18T16:35:49","modified_gmt":"2021-09-18T15:35:49","slug":"proyecto-10-to-2","status":"publish","type":"page","link":"https:\/\/deepenglish.ddns.net\/wordpress\/index.php\/proyecto-10-to-2\/","title":{"rendered":"Proyecto 10 TO 2"},"content":{"rendered":"\n<p>El proyecto <strong><span style=\"color:#0b2444\" class=\"has-inline-color\">10 TO 2<\/span><\/strong>. Este proyecto es la obra de teatro de este curso. Es una obra estructurada en di\u00e1logos. El texto es de una gran calidad literaria; est\u00e1 escrito por una especialista en teatro, Lindsey Price, a quien compramos los derechos de representaci\u00f3n para esta obra.<\/p>\n\n\n\n<p>Su texto trata problemas relacionados con los adolescentes, desde las primeras citas amorosas, el cinismo del sistema de educaci\u00f3n, la obsesi\u00f3n por el canon de belleza tradicional entre las adolescentes, los Reyes Magos, la obsesi\u00f3n por la limpieza como convenci\u00f3n burguesa, el abandono emocional de los padres, la presi\u00f3n por hacer cosas m\u00e1s que por ser alguien, la presi\u00f3n por las buenas notas, c\u00f3mo sobrevivir en el instituto sin dejar de ser uno mismo, la arrogancia, entre otros. Este proyecto se llev\u00f3 a cabo con los grupos B-1, B-2, B-3, I-1, I-2, I-3. Los grupos I-4, I-5, los intermedios avanzados, tuvieron otro proyecto.<\/p>\n\n\n\n<div class=\"wp-block-columns\">\n<div class=\"wp-block-column\">\n<p class=\"has-text-color\" style=\"color:#0b2444\"><a href=\"https:\/\/deepenglish.ddns.net\/wordpress\/index.php\/the-invisible-hand\/\"><span style=\"color:#0b2444\" class=\"has-inline-color\">&lt;<\/span>  The Invisible Hand<\/a><\/p>\n<\/div>\n\n\n\n<div class=\"wp-block-column\">\n<p class=\"has-text-align-right has-text-color\" style=\"color:#0b2444\"><a href=\"https:\/\/deepenglish.ddns.net\/wordpress\/index.php\/la-obra-de-teatro\/\">La Obra de Teatro  <span style=\"color:#0b2444\" class=\"has-inline-color\">><\/span><\/a><\/p>\n<\/div>\n<\/div>\n\n\n\n<p><\/p>\n","protected":false},"excerpt":{"rendered":"<p>El proyecto 10 TO 2. Este proyecto es la obra de teatro de este curso. Es una obra estructurada en di\u00e1logos. El texto es de&hellip;<\/p>\n","protected":false},"author":1,"featured_media":0,"parent":0,"menu_order":0,"comment_status":"closed","ping_status":"closed","template":"","meta":{"_glsr_average":0,"_glsr_ranking":0,"_glsr_reviews":0,"_uag_custom_page_level_css":""},"uagb_featured_image_src":{"full":false,"thumbnail":false,"medium":false,"medium_large":false,"large":false,"1536x1536":false,"2048x2048":false},"uagb_author_info":{"display_name":"Christian","author_link":"https:\/\/deepenglish.ddns.net\/wordpress\/index.php\/author\/admin\/"},"uagb_comment_info":0,"uagb_excerpt":"El proyecto 10 TO 2. Este proyecto es la obra de teatro de este curso. Es una obra estructurada en di\u00e1logos. El texto es de&hellip;","_links":{"self":[{"href":"https:\/\/deepenglish.ddns.net\/wordpress\/index.php\/wp-json\/wp\/v2\/pages\/279"}],"collection":[{"href":"https:\/\/deepenglish.ddns.net\/wordpress\/index.php\/wp-json\/wp\/v2\/pages"}],"about":[{"href":"https:\/\/deepenglish.ddns.net\/wordpress\/index.php\/wp-json\/wp\/v2\/types\/page"}],"author":[{"embeddable":true,"href":"https:\/\/deepenglish.ddns.net\/wordpress\/index.php\/wp-json\/wp\/v2\/users\/1"}],"replies":[{"embeddable":true,"href":"https:\/\/deepenglish.ddns.net\/wordpress\/index.php\/wp-json\/wp\/v2\/comments?post=279"}],"version-history":[{"count":3,"href":"https:\/\/deepenglish.ddns.net\/wordpress\/index.php\/wp-json\/wp\/v2\/pages\/279\/revisions"}],"predecessor-version":[{"id":1142,"href":"https:\/\/deepenglish.ddns.net\/wordpress\/index.php\/wp-json\/wp\/v2\/pages\/279\/revisions\/1142"}],"wp:attachment":[{"href":"https:\/\/deepenglish.ddns.net\/wordpress\/index.php\/wp-json\/wp\/v2\/media?parent=279"}],"curies":[{"name":"wp","href":"https:\/\/api.w.org\/{rel}","templated":true}]}}